{"id":2223,"date":"2015-02-28T12:59:46","date_gmt":"2015-02-28T12:59:46","guid":{"rendered":"http:\/\/alberthomas.de\/wpneu\/?page_id=2223"},"modified":"2015-03-13T14:14:39","modified_gmt":"2015-03-13T14:14:39","slug":"bauleitungplanung","status":"publish","type":"page","link":"https:\/\/alberthomas.de\/?page_id=2223","title":{"rendered":"Bauleitung\/Planung"},"content":{"rendered":"<div class=\"wpb-content-wrapper\"><p>[vc_row][vc_column width=&#8220;1\/1&#8243;]<div class=\"space40\"><\/div>[\/vc_column][\/vc_row][vc_row][vc_column width=&#8220;1\/1&#8243;][vc_column_text]<\/p>\n<h1 style=\"text-align: center;\">Bauleitung &amp; Bauplanung<\/h1>\n<h2 style=\"text-align: left;\">Wir bauen f\u00fcr Sie.<\/h2>\n<p>Kleinere Umbauten, Garagen, Winterg\u00e4rten, Wohnbauten bis 100qm oder landwirtschaftliche Hallen bis 250qm k\u00f6nnen von uns, mit Bauantrag, CAD-unterst\u00fctzt geplant werden.<br \/>\nBei gr\u00f6\u00dferen Projekten haben wir die richtigen\u00a0Partner und Planer an der Hand, damit Sie alles aus einer Hand bekommen, also eine Adresse!<\/p>\n<p>Durch die eigene Planung k\u00f6nnen schon vorab Ausf\u00fchrungsschwierigkeiten und Probleme umgangen werden, der optimale L\u00f6sungsweg findet schon bei der Planung die zielorientierte Richtung.<\/p>\n<p>Auch dazu ben\u00f6tigte statische Berechnungen und Nachweise werden von uns berechnet und ausgef\u00fchrt. Dadurch sparen wir Kosten und Sie unn\u00f6tige Ausgaben.<\/p>\n<p>Sind beim Vorhaben mehrere Gewerke und Handwerker n\u00f6tig und zu Gange, planen wir einen optimalen Ablauf, sodass sich keiner auf die F\u00fc\u00dfe tritt, aber trotzdem alles reibungslos ineinander und miteinander funktioniert und rasch erledigt wird.<br \/>\nDas spart wiederum Zeit, unn\u00f6tig doppelte Arbeit, Kraft und Nerven.<\/p>\n<p>Wir kennen die passenden Handwerker zum passenden Auftrag und arbeiten mit sehr vielen, guten, zuverl\u00e4ssigen Handwerkern verschiedenster Gewerke zusammen. Das erm\u00f6glicht kurze Liefer- und Montagezeiten, optimale Ausf\u00fchrung und eine Garantie der erledigten Arbeiten.<br \/>\nAusgef\u00fchrt von Fachleuten halten und erfreuen Dinge den Kunden viel l\u00e4nger! Gleichzeitig werden teure und aufreibende Nacharbeiten von schlecht get\u00e4tigten Projekten ausgemerzt und tauchen erst gar nicht auf.<\/p>\n<p><strong>Beispielplanung:<\/strong>[\/vc_column_text][\/vc_column][\/vc_row][vc_row][vc_column width=&#8220;1\/1&#8243;]<div class=\"space25\"><\/div>[\/vc_column][\/vc_row][vc_row][vc_column width=&#8220;1\/2&#8243;][vc_gallery type=&#8220;flexslider_fade&#8220; interval=&#8220;3&#8243; images=&#8220;2446&#8243; onclick=&#8220;link_image&#8220; custom_links_target=&#8220;_self&#8220; img_size=&#8220;600&#215;232&#8243;][\/vc_column][vc_column width=&#8220;1\/2&#8243;][vc_gallery type=&#8220;flexslider_fade&#8220; interval=&#8220;3&#8243; images=&#8220;2448&#8243; onclick=&#8220;link_image&#8220; custom_links_target=&#8220;_self&#8220; img_size=&#8220;428&#215;361&#8243;][\/vc_column][\/vc_row]<\/p>\n<\/div>","protected":false},"excerpt":{"rendered":"<p>[vc_row][vc_column width=&#8220;1\/1&#8243;][\/vc_column][\/vc_row][vc_row][vc_column width=&#8220;1\/1&#8243;][vc_column_text] Bauleitung &amp; Bauplanung Wir bauen f\u00fcr Sie. Kleinere Umbauten, Garagen, Winterg\u00e4rten, Wohnbauten bis 100qm oder landwirtschaftliche Hallen<\/p>\n","protected":false},"author":1,"featured_media":0,"parent":2156,"menu_order":0,"comment_status":"closed","ping_status":"closed","template":"","meta":{"footnotes":""},"class_list":["post-2223","page","type-page","status-publish","hentry"],"_links":{"self":[{"href":"https:\/\/alberthomas.de\/index.php?rest_route=\/wp\/v2\/pages\/2223","targetHints":{"allow":["GET"]}}],"collection":[{"href":"https:\/\/alberthomas.de\/index.php?rest_route=\/wp\/v2\/pages"}],"about":[{"href":"https:\/\/alberthomas.de\/index.php?rest_route=\/wp\/v2\/types\/page"}],"author":[{"embeddable":true,"href":"https:\/\/alberthomas.de\/index.php?rest_route=\/wp\/v2\/users\/1"}],"replies":[{"embeddable":true,"href":"https:\/\/alberthomas.de\/index.php?rest_route=%2Fwp%2Fv2%2Fcomments&post=2223"}],"version-history":[{"count":5,"href":"https:\/\/alberthomas.de\/index.php?rest_route=\/wp\/v2\/pages\/2223\/revisions"}],"predecessor-version":[{"id":2450,"href":"https:\/\/alberthomas.de\/index.php?rest_route=\/wp\/v2\/pages\/2223\/revisions\/2450"}],"up":[{"embeddable":true,"href":"https:\/\/alberthomas.de\/index.php?rest_route=\/wp\/v2\/pages\/2156"}],"wp:attachment":[{"href":"https:\/\/alberthomas.de\/index.php?rest_route=%2Fwp%2Fv2%2Fmedia&parent=2223"}],"curies":[{"name":"wp","href":"https:\/\/api.w.org\/{rel}","templated":true}]}}