{"id":2522,"date":"2017-01-17T20:02:40","date_gmt":"2017-01-17T20:02:40","guid":{"rendered":"http:\/\/alberthomas.de\/?page_id=2522"},"modified":"2025-01-27T09:31:49","modified_gmt":"2025-01-27T09:31:49","slug":"grill-ofenanzuender-albers-zendler","status":"publish","type":"page","link":"https:\/\/alberthomas.de\/?page_id=2522","title":{"rendered":"Grill-\/ Ofenanz\u00fcnder &#8222;Alber`s Zendler&#8220;"},"content":{"rendered":"<div class=\"wpb-content-wrapper\"><p>[vc_row][vc_column][vc_column_text]<div class=\"space40\"><\/div>[\/vc_column_text][\/vc_column][\/vc_row][vc_row][vc_column][vc_column_text]<\/p>\n<h1 style=\"text-align: center;\">Anz\u00fcnder Eigenmarken:<br \/>\nAlber&#8217;s Zendler \/ Heuzi&#8217;s \/ Holzi&#8217;s<\/h1>\n<p>[\/vc_column_text][\/vc_column][\/vc_row][vc_row][vc_column][vc_column_text]<div class=\"space40\"><\/div>[\/vc_column_text][\/vc_column][\/vc_row][vc_row full_width=&#8220;true&#8220; bg_type=&#8220;image&#8220; bg_grad=&#8220;background: -webkit-gradient(linear, left top, left bottom, color-stop(0%, #E3E3E3));background: -moz-linear-gradient(top,#E3E3E3 0%);background: -webkit-linear-gradient(top,#E3E3E3 0%);background: -o-linear-gradient(top,#E3E3E3 0%);background: -ms-linear-gradient(top,#E3E3E3 0%);background: linear-gradient(top,#E3E3E3 0%);&#8220; parallax_style=&#8220;vcpb-default&#8220; bg_image_new=&#8220;2343&#8243; bg_image_repeat=&#8220;repeat&#8220; bg_image_size=&#8220;cover&#8220; bg_img_attach=&#8220;scroll&#8220; parallax_sense=&#8220;30&#8243; animation_direction=&#8220;left-animation&#8220; animation_repeat=&#8220;repeat&#8220; bg_override=&#8220;0&#8243; disable_on_mobile_img_parallax=&#8220;off&#8220; parallax_content_sense=&#8220;30&#8243; fadeout_start_effect=&#8220;30&#8243; overlay_pattern_opacity=&#8220;80&#8243; multi_color_overlay_opacity=&#8220;0.6&#8243; seperator_type=&#8220;none_seperator&#8220; seperator_position=&#8220;top_seperator&#8220; seperator_shape_size=&#8220;40&#8243; seperator_svg_height=&#8220;60&#8243; seperator_shape_background=&#8220;#ffffff&#8220; seperator_shape_border=&#8220;none&#8220; seperator_shape_border_width=&#8220;1&#8243; icon_type=&#8220;no_icon&#8220; icon_size=&#8220;32&#8243; icon_style=&#8220;none&#8220; icon_color_border=&#8220;#333333&#8243; icon_border_size=&#8220;1&#8243; icon_border_radius=&#8220;500&#8243; icon_border_spacing=&#8220;50&#8243; img_width=&#8220;48&#8243; ult_hide_row_large_screen=&#8220;off&#8220; ult_hide_row_desktop=&#8220;off&#8220; ult_hide_row_tablet=&#8220;off&#8220; ult_hide_row_tablet_small=&#8220;off&#8220; ult_hide_row_mobile=&#8220;off&#8220; ult_hide_row_mobile_large=&#8220;off&#8220;][vc_column][vc_row_inner][vc_column_inner width=&#8220;1\/3&#8243;][vc_column_text]<\/p>\n<h2>Alber&#8217;s Zendler<\/h2>\n<p>Wachsgetr\u00e4nkte Holzwolleballen mit langer Brenndauer bis zu 10 min.<br \/>\nErleichtern das Anz\u00fcnden beim Ofenfeuer oder zum Grillen.<\/p>\n<div><\/div>\n<div>Liefergr\u00f6\u00dfen:<\/div>\n<div><\/div>\n<ul>\n<li>20 Stk im Karton<\/li>\n<li>50 Stk im Karton<\/li>\n<li>100 Stk im Karton<\/li>\n<li>200 Stk im Karton<\/li>\n<\/ul>\n<p>&nbsp;[\/vc_column_text][vc_single_image image=&#8220;2670&#8243; img_size=&#8220;medium&#8220;][\/vc_column_inner][vc_column_inner width=&#8220;1\/3&#8243;][vc_column_text]<\/p>\n<h2>Heuzi&#8217;s<\/h2>\n<p>Wachsgetr\u00e4nkte Anz\u00fcndw\u00fcrfel aus Heu<br \/>\nGr\u00f6\u00dfe DN 4 cm H\u00f6he 2 cm, Brenndauer bis zu 15 Min.<br \/>\nSehr leicht entz\u00fcndbare und langanhaltende W\u00fcrfel zum besseren anz\u00fcnden von Holzfeuer und Grills. Das \u00fcberstehende Heu bildet schnell eine Flamme, brennt anschlie\u00dfend langsam durch, bis das Brenngut selbst weiterbrennt. R\u00fcckstandslos und unsch\u00e4digend f\u00fcr \u00d6fen und Grills. Hergestellt aus biologischem Heu (sonnengetrocknetes, nachwachsendes Gras) und Wachs aus abgebrannten Kerzenstumpen. (Recycling)[\/vc_column_text][vc_single_image image=&#8220;2671&#8243; img_size=&#8220;medium&#8220;][\/vc_column_inner][vc_column_inner width=&#8220;1\/3&#8243;][vc_column_text]<\/p>\n<h2>Holzi&#8217;s<\/h2>\n<p>Wachsgetr\u00e4nkte Anz\u00fcndw\u00fcrfel aus S\u00e4gemehl<br \/>\n&#8211; Gr\u00f6\u00dfe:\u00a0 DN 4 cm, H\u00f6he 2 cm<br \/>\n&#8211; Brenndauer \u00fcber 15 min<br \/>\nZum Anbrennen von Holzfeuer und beim Wandergrillen. Sehr gut geeignet im Freien, bei starkem Wind oder in Holz\u00f6fen f\u00fcr schlecht entz\u00fcndendes Brennholz (Scheite\/Hartholz). Der W\u00fcrfel brennt langsam ab und h\u00e4lt lange an. Gute Flammenbildung, dadurch guter \u00dcbergang auf Brenngut. Brennt r\u00fcckstandslos und unsch\u00e4digend f\u00fcr \u00d6fen ab. Herg. aus S\u00e4gemehl und abgebrannten Kerzenstumpen[\/vc_column_text][vc_single_image image=&#8220;2672&#8243; img_size=&#8220;medium&#8220;][\/vc_column_inner][\/vc_row_inner][vc_column_text]<div class=\"space100\"><\/div><div class=\"space100\"><\/div>[\/vc_column_text][\/vc_column][\/vc_row]<\/p>\n<\/div>","protected":false},"excerpt":{"rendered":"<p>[vc_row][vc_column][vc_column_text][\/vc_column_text][\/vc_column][\/vc_row][vc_row][vc_column][vc_column_text] Anz\u00fcnder Eigenmarken: Alber&#8217;s Zendler \/ Heuzi&#8217;s \/ Holzi&#8217;s [\/vc_column_text][\/vc_column][\/vc_row][vc_row][vc_column][vc_column_text][\/vc_column_text][\/vc_column][\/vc_row][vc_row full_width=&#8220;true&#8220; bg_type=&#8220;image&#8220; bg_grad=&#8220;background: -webkit-gradient(linear, left top, left bottom, color-stop(0%, #E3E3E3));background:<\/p>\n","protected":false},"author":1,"featured_media":0,"parent":2152,"menu_order":0,"comment_status":"closed","ping_status":"closed","template":"","meta":{"footnotes":""},"class_list":["post-2522","page","type-page","status-publish","hentry"],"_links":{"self":[{"href":"https:\/\/alberthomas.de\/index.php?rest_route=\/wp\/v2\/pages\/2522","targetHints":{"allow":["GET"]}}],"collection":[{"href":"https:\/\/alberthomas.de\/index.php?rest_route=\/wp\/v2\/pages"}],"about":[{"href":"https:\/\/alberthomas.de\/index.php?rest_route=\/wp\/v2\/types\/page"}],"author":[{"embeddable":true,"href":"https:\/\/alberthomas.de\/index.php?rest_route=\/wp\/v2\/users\/1"}],"replies":[{"embeddable":true,"href":"https:\/\/alberthomas.de\/index.php?rest_route=%2Fwp%2Fv2%2Fcomments&post=2522"}],"version-history":[{"count":6,"href":"https:\/\/alberthomas.de\/index.php?rest_route=\/wp\/v2\/pages\/2522\/revisions"}],"predecessor-version":[{"id":2681,"href":"https:\/\/alberthomas.de\/index.php?rest_route=\/wp\/v2\/pages\/2522\/revisions\/2681"}],"up":[{"embeddable":true,"href":"https:\/\/alberthomas.de\/index.php?rest_route=\/wp\/v2\/pages\/2152"}],"wp:attachment":[{"href":"https:\/\/alberthomas.de\/index.php?rest_route=%2Fwp%2Fv2%2Fmedia&parent=2522"}],"curies":[{"name":"wp","href":"https:\/\/api.w.org\/{rel}","templated":true}]}}