{"id":9,"date":"2015-02-26T07:28:35","date_gmt":"2015-02-26T07:28:35","guid":{"rendered":"http:\/\/alberthomas.de\/wpneu\/?page_id=9"},"modified":"2025-07-30T09:10:24","modified_gmt":"2025-07-30T09:10:24","slug":"home-2","status":"publish","type":"page","link":"https:\/\/alberthomas.de\/","title":{"rendered":"Home"},"content":{"rendered":"<div class=\"wpb-content-wrapper\"><p>[vc_row][vc_column][vc_gallery type=&#8220;nivo&#8220; interval=&#8220;10&#8243; images=&#8220;12,22,20,23,24,25,21,19,18,11,13&#8243; img_size=&#8220;960&#215;300&#8243; onclick=&#8220;&#8220;][\/vc_column][\/vc_row][vc_row][vc_column][vc_empty_space][\/vc_column][\/vc_row][vc_row bg_type=&#8220;no_bg&#8220; bg_grad=&#8220;background: -webkit-gradient(linear, left top, left bottom, color-stop(0%, #E3E3E3));background: -moz-linear-gradient(top,#E3E3E3 0%);background: -webkit-linear-gradient(top,#E3E3E3 0%);background: -o-linear-gradient(top,#E3E3E3 0%);background: -ms-linear-gradient(top,#E3E3E3 0%);background: linear-gradient(top,#E3E3E3 0%);&#8220; bg_color_value=&#8220;#28edb8&#8243; parallax_style=&#8220;vcpb-default&#8220; bg_image_repeat=&#8220;repeat&#8220; bg_image_size=&#8220;cover&#8220; bg_img_attach=&#8220;scroll&#8220; parallax_sense=&#8220;30&#8243; animation_direction=&#8220;left-animation&#8220; animation_repeat=&#8220;repeat&#8220; bg_override=&#8220;0&#8243; parallax_content_sense=&#8220;30&#8243; fadeout_start_effect=&#8220;30&#8243; overlay_pattern_opacity=&#8220;80&#8243; multi_color_overlay_opacity=&#8220;0.6&#8243; seperator_type=&#8220;none_seperator&#8220; seperator_position=&#8220;top_seperator&#8220; seperator_shape_size=&#8220;40&#8243; seperator_svg_height=&#8220;60&#8243; seperator_shape_background=&#8220;#ffffff&#8220; seperator_shape_border=&#8220;none&#8220; seperator_shape_border_width=&#8220;1&#8243; icon_type=&#8220;no_icon&#8220; icon_size=&#8220;32&#8243; icon_style=&#8220;none&#8220; icon_color_border=&#8220;#333333&#8243; icon_border_size=&#8220;1&#8243; icon_border_radius=&#8220;500&#8243; icon_border_spacing=&#8220;50&#8243; img_width=&#8220;48&#8243; ult_hide_row_large_screen=&#8220;off&#8220; ult_hide_row_desktop=&#8220;off&#8220; ult_hide_row_tablet=&#8220;off&#8220; ult_hide_row_tablet_small=&#8220;off&#8220; ult_hide_row_mobile=&#8220;off&#8220; ult_hide_row_mobile_large=&#8220;off&#8220;][vc_column width=&#8220;2\/3&#8243; css=&#8220;.vc_custom_1641556717649{margin-right: 5px !important;margin-left: 5px !important;}&#8220;][vc_column_text]<\/p>\n<div class=\"wpb_text_column wpb_content_element \">\n<div class=\"wpb_wrapper\">\n<p>Frei nach unserem Motto <strong>\u201eEs gibt f\u00fcr alles eine L\u00f6sung. Fragen Sie nach. Den Rest erledigen wir\u201c<\/strong>, m\u00f6chte ich Sie einladen, sich auf meiner Homepage umzuschauen.<br \/>\nEgal ob die Umgestaltung des Gartens ansteht, der Hof neu gepflastert werden soll oder ein Ofen in Ihr Wohnzimmer soll. Bei uns finden Sie die passende L\u00f6sung.<\/p>\n<p>Bei Interesse an einer Zusammenarbeit oder Fragen zu unseren Leistungen, k\u00f6nnen Sie sich gerne per Mail oder telefonisch (0175\/2680832) mit uns in Verbindung setzen.<\/p>\n<p>Ihr Thomas Alber<\/p><\/div>\n<\/div>\n<p>[\/vc_column_text][vc_single_image image=&#8220;2556&#8243; img_size=&#8220;large&#8220;][\/vc_column][vc_column width=&#8220;1\/3&#8243;][vc_cta h2=&#8220;Unsere Neuigkeiten&#8220; css=&#8220;.vc_custom_1737971085779{margin-top: 5px !important;}&#8220;]<strong>Neu im Programm:<\/strong> selbst entwickelte Holzanz\u00fcnder aus Heu (Heuzi`s) und S\u00e4gemehl (Holzi`s), getr\u00e4nkt mit Wachs aus abgebrannten Kerzenstumpen. Aus Recyclingkerzen und schnell nachwachsendem Heu.<br \/>\nMehr dazu unter <a href=\"https:\/\/alberthomas.de\/?page_id=2522\">Anz\u00fcnder<\/a>.<\/p>\n<p><strong>Hofladen:<\/strong> Unser Hofladen ist mit Kleinmengen rund um die Uhr best\u00fcckt. Bei gr\u00f6\u00dferen Mengen bitte telefonisch bestellen.<\/p>\n<p><strong>Events:<\/strong> Interesse an einem Workshop? Nennen Sie einen Themenpunkt unseres Betriebes (Teilnahmeanzahl mind. 5 Personen)[\/vc_cta][\/vc_column][\/vc_row][vc_row][vc_column][vc_empty_space][vc_column_text]<\/p>\n<h3 style=\"text-align: left;\">H\u00e4ufige Fragen:<\/h3>\n<p>[\/vc_column_text][vc_tta_accordion style=&#8220;modern&#8220; active_section=&#8220;&#8220; collapsible_all=&#8220;true&#8220;][vc_tta_section i_icon_fontawesome=&#8220;fa fa-solid fa-fire-flame-simple&#8220; add_icon=&#8220;true&#8220; title=&#8220;Wie z\u00fcnde ich ein Holzfeuer richtig an ?&#8220; tab_id=&#8220;1753865824104-302746a6-4904&#8243;][vc_column_text css=&#8220;&#8220;]Zu einem guten Holzabbrand geh\u00f6ren auch gute Voraussetzungen.<br \/>\nDas f\u00e4ngt schon mit dem richtigen Holzauflegen an.<\/p>\n<p>Man beginnt mit den Holzscheiten von unten kreuzweise, bis die maximal zul\u00e4ssige Holzmenge je nach Ofen (in der Anleitung\/Gebrauchsanweisung angegeben) erreicht ist.<br \/>\nOben werden 2-3 Anz\u00fcndh\u00f6lzer aufgelegt, unter die man einen Anz\u00fcnder (im Baumarkt erh\u00e4ltlich, oder auch bei uns, wachsgetr\u00e4nkte Holzwollez\u00fcnder, Alber&#8217;s Zendler, Heuzi&#8217;s oder Holzi&#8217;s) legt und entz\u00fcndet diesen mit Feuerzeug oder Streichholz.<\/p>\n<p>Dies ergibt einen optimalen \u00dcbergang von Anz\u00fcnder, Anfeuerholz und Holzscheit. Der Anz\u00fcnder entfacht das Anz\u00fcndholz, das dann die optimale Temperatur entwickeln kann, bis das Scheitholz weiterbrennen kann. Die Flammen z\u00fcngeln sich von oben nach unten und holen sich ihre \u201eNahrung\u201c.<br \/>\nDieser Abbrandvorgang erzielt einen relativ rauch- und feinstaubfreien Vorgang. Dies wurde langj\u00e4hrig erprobt und auch von Schornsteinfegern empfohlen.<\/p>\n<p>Das Sch\u00f6ne daran: Es macht Freude, den nach unten z\u00fcngelnden Flammen zuzuschauen, der Abbrand erfolgt etwas langsamer, die W\u00e4rme wird dadurch optimaler an den Raum abgegeben.<br \/>\nEs muss auch stets ein \u201egesundes\u201c Flammenbild sein. Durch zu fr\u00fches Schlie\u00dfen der Luftzufuhr \u201everhungern\u201c die Flammen und es kommt zum Glimmen und Glosten. Es bildet sich unverbranntes Schwelgas und langfristig \u201eGlanzru\u00df\u201cin Rohren und Schornstein.<br \/>\nDie optimale Flammenh\u00f6he geht je nach Ofentyp ab Mitte Brennraum bis ca. 1\/3 unter der Brennraumdecke.<\/p>\n<p>Beim sp\u00e4teren Nachlegen ist dann gen\u00fcgend Glut und Temperatur vorhanden, sodass ein 2. Anz\u00fcnden unn\u00f6tig ist. Hier wird die Luftzufuhr ge\u00f6ffnet, damit sich wieder Flammen bilden k\u00f6nnen.<\/p>\n<p>Bei Scheitholzkesseln, die nach unten weg brennen, ist hier nat\u00fcrlich das Gegenteil der Fall!<\/p>\n<p>Wir w\u00fcnschen viel Freude bei diesen tollen, romantischen Erlebnissen!<\/p>\n<p>Foto einer optimalen Holzlege:<\/p>\n<p><a href=\"https:\/\/alberthomas.de\/wp-content\/uploads\/2025\/01\/Alberthomas_Holzlege.jpeg\"><img loading=\"lazy\" decoding=\"async\" class=\"alignnone wp-image-2651\" src=\"https:\/\/alberthomas.de\/wp-content\/uploads\/2025\/01\/Alberthomas_Holzlege.jpeg\" alt=\"\" width=\"347\" height=\"463\" srcset=\"https:\/\/alberthomas.de\/wp-content\/uploads\/2025\/01\/Alberthomas_Holzlege.jpeg 1200w, https:\/\/alberthomas.de\/wp-content\/uploads\/2025\/01\/Alberthomas_Holzlege-225x300.jpeg 225w, https:\/\/alberthomas.de\/wp-content\/uploads\/2025\/01\/Alberthomas_Holzlege-768x1024.jpeg 768w, https:\/\/alberthomas.de\/wp-content\/uploads\/2025\/01\/Alberthomas_Holzlege-1152x1536.jpeg 1152w, https:\/\/alberthomas.de\/wp-content\/uploads\/2025\/01\/Alberthomas_Holzlege-900x1200.jpeg 900w, https:\/\/alberthomas.de\/wp-content\/uploads\/2025\/01\/Alberthomas_Holzlege-105x140.jpeg 105w, https:\/\/alberthomas.de\/wp-content\/uploads\/2025\/01\/Alberthomas_Holzlege-500x667.jpeg 500w\" sizes=\"auto, (max-width: 347px) 100vw, 347px\" \/><\/a>[\/vc_column_text][\/vc_tta_section][vc_tta_section i_icon_fontawesome=&#8220;fa fa-solid fa-house-circle-check&#8220; add_icon=&#8220;true&#8220; title=&#8220;Wie lagere ich mein Brennholz optimal?&#8220; tab_id=&#8220;1753865824105-cd45032a-f10d&#8220;][vc_column_text css=&#8220;&#8220;]Hierzu muss man nat\u00fcrlich unterscheiden, um welchen Feuchtegrad es sich handelt.<\/p>\n<ol>\n<li>Frisch geschlagenes, saftiges Brennholz muss sofort gespalten, in meist auf 1 m L\u00e4nge ges\u00e4gt, gut luftdurchflutet, aber \u00fcberdacht aufgeschichtet werden. Hierzu kann ein freies Grundst\u00fcck, Wiese oder Garten mit Regenschutz oder Wetterplane genutzt werden. Optimale Ausrichtung, Windrichtung West\/Ost. Lagerung 1-2 Jahre, je nach Luftdurchflutung und Feuchteaustrocknung.<\/li>\n<li>Polter oder halbgetrocknetes Holz wird in Ofenl\u00e4nge ges\u00e4gt, kann in luftdurchfluteter H\u00fctte, nicht zu dicht gelagert werden, bis der Feuchtegehalt unter 23% maximal erreicht ist. (Feuchtemessger\u00e4te im Baumarkt erh\u00e4ltlich). Hier sollten schmale Balken vor Umfallen gesichert werden. Durch das Trocknen schwindet das Holz etwas, und die Balken k\u00f6nnten komplett umfallen!<\/li>\n<li>Brennholzkauf ofenfertig, trocken (&lt; 23%) in trockenen R\u00e4umen, unter Balkon, Garage oder Gartenh\u00fctte, wettergesch\u00fctzt. Ist sofort verwendbar.<\/li>\n<\/ol>\n<p>Die Scheite sollen nicht mehr als 24 cm Umfang haben, das hei\u00dft 8x8x8 cm Kantenl\u00e4nge!<\/p>\n<p>Die Scheitl\u00e4nge sollte dem Brennraumma\u00df angepasst sein, etwas kleiner zum guten Einlegen. Bei hohen Brennr\u00e4umen kann auch gestellt werden, allerdings so, dass diese beim Abbrand nicht gegen die T\u00fcre fallen!<\/p>\n<p>Die optimale Scheitl\u00e4nge ist in der Ofenbeschreibung angegeben oder fragen Sie nach.[\/vc_column_text][\/vc_tta_section][vc_tta_section i_icon_fontawesome=&#8220;fa fa-solid fa-circle-info&#8220; add_icon=&#8220;true&#8220; title=&#8220;Was ist &#8222;Glanzru\u00df&#8222;?&#8220; tab_id=&#8220;1753866261298-078d9c8b-8c1e&#8220;][vc_column_text css=&#8220;&#8220;]Glanzru\u00df bildet sich beim Abbrand von zu nassem Brennholz (Feuchte &gt; 23%) in den Z\u00fcgen und im Schornstein.<br \/>\nAber auch, wenn der Abbrand nicht \u201egesund\u201c vonstattengeht, man stets zu fr\u00fch die Luftzufuhr schlie\u00dft, sich hierdurch nicht die optimale Temperatur entwickeln kann und das Feuer nur herunterglostet. Daher sollen die Flammen immer gut brennen und sch\u00f6n z\u00fcngeln.<\/p>\n<p>In den Abgasrohren beginnt der zu kalte Rauch zu kondensieren, d.h. es bildet sich Feuchtigkeit. Dadurch klebt das \u201enasse\u201c Rauchgemisch an die Rohrwandung, und es bildet sich ein immer dicker werdender \u201eLackbelag\u201c. Gibt es dann einmal eine hei\u00dfe \u201eDurchz\u00fcndung\u201c, gibt das einen Schornsteinbrand, der dicke Belag in den Rohren und im Schornstein brennt, es kann dabei bis zu 1000 \u00b0C Temperatur kommen.<\/p>\n<p>Bei alten Fachwerkh\u00e4usern mit l\u00f6chrigen Schloten f\u00fchrte dies schon zum kompletten Hausbrand.<\/p>\n<p>Der Schornsteinfeger erkennt die Gefahr einer Glanzru\u00dfbildung in der Regel rechtzeitig und ergreift dann die erforderlichen Ma\u00dfnahmen.<\/p>\n<p>Trotz allem sollten die Ofenrohre und Z\u00fcge regelm\u00e4\u00dfig gereinigt und gewartet werden. Je nach Bauart des Ofens variiert hier der Reinigungszyklus.<\/p>\n<ul>\n<li>Kamin\u00f6fen, Kachel\u00f6fen mit Nachheizkasten: ein- bis zweij\u00e4hrlich<\/li>\n<li>Grund\u00f6fen, Kombi\u00f6fen mit gemauerten Z\u00fcgen: je nach Gebrauch 10 \u2013 15-j\u00e4hrlich<\/li>\n<\/ul>\n<p>Dies macht der Schornsteinfegermeister (SFM) in der Regel nicht, er reinigt den Schornstein.<\/p>\n<p>Bei Andeutung einer angehenden Glanzru\u00dfbildung oder auch zur Vorsorge gibt es Reinigungsscheite (\u00fcber uns erh\u00e4ltlich), die beim Abbrand den Belag anl\u00f6sen und reinigen.<\/p>\n<p>3 Hauptpunkte zur Vermeidung:<\/p>\n<ol>\n<li>Sauberes, trockenes Brennholz (Feuchte &lt; 23%)<\/li>\n<li>Gesunder Abbrand, gute Flammenbildung, gute Temperaturentwicklung.<\/li>\n<li>Regelm\u00e4\u00dfige Wartung, Pflege und Reinigung von Ofen und Z\u00fcgen.<\/li>\n<\/ol>\n<p>[\/vc_column_text][\/vc_tta_section][vc_tta_section i_icon_fontawesome=&#8220;fa fa-solid fa-biohazard&#8220; add_icon=&#8220;true&#8220; title=&#8220;Was passiert eigentlich biologisch bei einem Holzabbrand?&#8220; tab_id=&#8220;1753866263930-57a21445-bf7e&#8220;][vc_column_text css=&#8220;&#8220;]Jedes Holz hat in seinen Holzporen nat\u00fcrliches \u201eHolzgas\u201c enthalten.<\/p>\n<p>Dieses \u201eGas\u201c entweicht bei einer gewissen erreichten Temperatur (Schwelgasrauch), kann jedoch erst bei h\u00f6herer Temperatur verbrennen\/nachbrennen.<br \/>\nDiese \u201eNachverbrennung\u201c erzielt dann die W\u00e4rmeabgabe, die wir aus dem Feuer w\u00fcnschen.<br \/>\nIst die Temperatur im Abbrand zu kalt, entweicht das \u201eunverbrannte Holzgas\u201c durch den Schornstein in die Umwelt (dicker Rauch).<\/p>\n<p>Also: Man <strong>l\u00e4sst<\/strong> viel Energie ungenutzt durch den Schlot.<\/p>\n<p>Z\u00fcndet man die Holzlege oben an, entweicht nur der kleine, obere Teil des erw\u00e4rmten Holzgases, der relativ schnell mitverbrennen kann. Die Temperaturentwicklung bildet sich rascher, und die Flammen z\u00fcngeln sich nach unten fort, holen sich ihre \u201eNahrung\u201c, vergleichbar wie ein Schwamm, den man auf die Wasseroberfl\u00e4che h\u00e4lt.<\/p>\n<p><strong>Fazit:<\/strong>&nbsp;Romantik pur, Feuer an, Fernseher aus.<\/p>\n<p>Vorausgesetzt, man hat am Ofen eine Glasscheibe![\/vc_column_text][\/vc_tta_section][\/vc_tta_accordion][\/vc_column][\/vc_row][vc_row full_width=&#8220;true&#8220; bg_type=&#8220;no_bg&#8220; bg_grad=&#8220;background: -webkit-gradient(linear, left top, left bottom, color-stop(0%, #E3E3E3));background: -moz-linear-gradient(top,#E3E3E3 0%);background: -webkit-linear-gradient(top,#E3E3E3 0%);background: -o-linear-gradient(top,#E3E3E3 0%);background: -ms-linear-gradient(top,#E3E3E3 0%);background: linear-gradient(top,#E3E3E3 0%);&#8220; parallax_style=&#8220;vcpb-default&#8220; bg_image_repeat=&#8220;repeat&#8220; bg_image_size=&#8220;cover&#8220; bg_img_attach=&#8220;scroll&#8220; parallax_sense=&#8220;30&#8243; animation_direction=&#8220;left-animation&#8220; animation_repeat=&#8220;repeat&#8220; bg_override=&#8220;0&#8243; parallax_content_sense=&#8220;30&#8243; fadeout_start_effect=&#8220;30&#8243; overlay_pattern_opacity=&#8220;80&#8243; multi_color_overlay_opacity=&#8220;0.6&#8243; seperator_type=&#8220;none_seperator&#8220; seperator_position=&#8220;top_seperator&#8220; seperator_shape_size=&#8220;40&#8243; seperator_svg_height=&#8220;60&#8243; seperator_shape_background=&#8220;#ffffff&#8220; seperator_shape_border=&#8220;none&#8220; seperator_shape_border_width=&#8220;1&#8243; icon_type=&#8220;no_icon&#8220; icon_size=&#8220;32&#8243; icon_style=&#8220;none&#8220; icon_color_border=&#8220;#333333&#8243; icon_border_size=&#8220;1&#8243; icon_border_radius=&#8220;500&#8243; icon_border_spacing=&#8220;50&#8243; img_width=&#8220;48&#8243; ult_hide_row_large_screen=&#8220;off&#8220; ult_hide_row_desktop=&#8220;off&#8220; ult_hide_row_tablet=&#8220;off&#8220; ult_hide_row_tablet_small=&#8220;off&#8220; ult_hide_row_mobile=&#8220;off&#8220; ult_hide_row_mobile_large=&#8220;off&#8220;][vc_column][vc_empty_space][vc_empty_space][\/vc_column][\/vc_row][vc_row bg_type=&#8220;no_bg&#8220; bg_grad=&#8220;background: -webkit-gradient(linear, left top, left bottom, color-stop(0%, #E3E3E3));background: -moz-linear-gradient(top,#E3E3E3 0%);background: -webkit-linear-gradient(top,#E3E3E3 0%);background: -o-linear-gradient(top,#E3E3E3 0%);background: -ms-linear-gradient(top,#E3E3E3 0%);background: linear-gradient(top,#E3E3E3 0%);&#8220; parallax_style=&#8220;vcpb-default&#8220; bg_image_repeat=&#8220;repeat&#8220; bg_image_size=&#8220;cover&#8220; bg_img_attach=&#8220;scroll&#8220; parallax_sense=&#8220;30&#8243; animation_direction=&#8220;left-animation&#8220; animation_repeat=&#8220;repeat&#8220; bg_override=&#8220;0&#8243; parallax_content_sense=&#8220;30&#8243; fadeout_start_effect=&#8220;30&#8243; overlay_pattern_opacity=&#8220;80&#8243; multi_color_overlay_opacity=&#8220;0.6&#8243; seperator_type=&#8220;none_seperator&#8220; seperator_position=&#8220;top_seperator&#8220; seperator_shape_size=&#8220;40&#8243; seperator_svg_height=&#8220;60&#8243; seperator_shape_background=&#8220;#ffffff&#8220; seperator_shape_border=&#8220;none&#8220; seperator_shape_border_width=&#8220;1&#8243; icon_type=&#8220;no_icon&#8220; icon_size=&#8220;32&#8243; icon_style=&#8220;none&#8220; icon_color_border=&#8220;#333333&#8243; icon_border_size=&#8220;1&#8243; icon_border_radius=&#8220;500&#8243; icon_border_spacing=&#8220;50&#8243; img_width=&#8220;48&#8243; ult_hide_row_large_screen=&#8220;off&#8220; ult_hide_row_desktop=&#8220;off&#8220; ult_hide_row_tablet=&#8220;off&#8220; ult_hide_row_tablet_small=&#8220;off&#8220; ult_hide_row_mobile=&#8220;off&#8220; ult_hide_row_mobile_large=&#8220;off&#8220;][vc_column width=&#8220;1\/4&#8243;][vc_column_text css=&#8220;.vc_custom_1737801060911{margin-left: 5px !important;}&#8220;]<\/p>\n<h2 style=\"text-align: left;\">Kontakt<\/h2>\n<p>07158 \/ 983 90 -16<br \/>\n0175 \/ 268 08 32<br \/>\nthomas-alber@t-online.de<br \/>\nwww.alberthomas.de<\/p>\n<p>&nbsp;<\/p>\n<p>&nbsp;[\/vc_column_text][\/vc_column][vc_column width=&#8220;1\/4&#8243;][vc_column_text css=&#8220;.vc_custom_1641556778113{margin-left: 5px !important;}&#8220;]<\/p>\n<h2 style=\"text-align: left;\">Adresse<\/h2>\n<p>M\u00fchlwiesenstra\u00dfe 3\/1<br \/>\n70794 Filderstadt<br \/>\nSielmingen<\/p>\n<p>&nbsp;<\/p>\n<p>&nbsp;[\/vc_column_text][\/vc_column][vc_column width=&#8220;1\/4&#8243;][\/vc_column][vc_column width=&#8220;1\/4&#8243;][\/vc_column][\/vc_row]<\/p>\n<\/div>","protected":false},"excerpt":{"rendered":"<p>[vc_row][vc_column][vc_gallery type=&#8220;nivo&#8220; interval=&#8220;10&#8243; images=&#8220;12,22,20,23,24,25,21,19,18,11,13&#8243; img_size=&#8220;960&#215;300&#8243; onclick=&#8220;&#8220;][\/vc_column][\/vc_row][vc_row][vc_column][vc_empty_space][\/vc_column][\/vc_row][vc_row bg_type=&#8220;no_bg&#8220; bg_grad=&#8220;background: -webkit-gradient(linear, left top, left bottom, color-stop(0%, #E3E3E3));background: -moz-linear-gradient(top,#E3E3E3 0%);background: -webkit-linear-gradient(top,#E3E3E3 0%);background: -o-linear-gradient(top,#E3E3E3<\/p>\n","protected":false},"author":1,"featured_media":0,"parent":0,"menu_order":0,"comment_status":"closed","ping_status":"closed","template":"","meta":{"footnotes":""},"class_list":["post-9","page","type-page","status-publish","hentry"],"_links":{"self":[{"href":"https:\/\/alberthomas.de\/index.php?rest_route=\/wp\/v2\/pages\/9","targetHints":{"allow":["GET"]}}],"collection":[{"href":"https:\/\/alberthomas.de\/index.php?rest_route=\/wp\/v2\/pages"}],"about":[{"href":"https:\/\/alberthomas.de\/index.php?rest_route=\/wp\/v2\/types\/page"}],"author":[{"embeddable":true,"href":"https:\/\/alberthomas.de\/index.php?rest_route=\/wp\/v2\/users\/1"}],"replies":[{"embeddable":true,"href":"https:\/\/alberthomas.de\/index.php?rest_route=%2Fwp%2Fv2%2Fcomments&post=9"}],"version-history":[{"count":80,"href":"https:\/\/alberthomas.de\/index.php?rest_route=\/wp\/v2\/pages\/9\/revisions"}],"predecessor-version":[{"id":2694,"href":"https:\/\/alberthomas.de\/index.php?rest_route=\/wp\/v2\/pages\/9\/revisions\/2694"}],"wp:attachment":[{"href":"https:\/\/alberthomas.de\/index.php?rest_route=%2Fwp%2Fv2%2Fmedia&parent=9"}],"curies":[{"name":"wp","href":"https:\/\/api.w.org\/{rel}","templated":true}]}}